 prime factors of f(-13).
23, 251
Let a(i) = 26*i**2 + 11*i - 3. Let x be a(-6). Suppose -2*k + 666 + 1060 = 2*w, x = w + 2*k. List the prime factors of w.
859
Suppose -6*o + 2*o + 456 = 0. Let p = 397 - 397. Suppose p*w - o = -w. List the prime factors of w.
2, 3, 19
Let z(q) = -15*q**3 - q**2 + q - 3. Let t be (-2 + 14/12)*-30. Suppose -t*m - 24 = -13*m. What are the prime factors of z(m)?
3, 37
Let r = 49007 + -25421. What are the prime factors of r?
2, 3, 3931
Let o(n) = n - 5. Let f be o(7). Suppose -2*w - f*w - i = 4, 5*w + 26 = 4*i. What are the prime factors of w/((-1)/(-84)*-3)?
2, 7
Let r = 174 + -71. Suppose -123 = 100*h - r*h. What are the prime factors of h?
41
Let f = 6168 - -6941. List the prime factors of f.
13109
Let o(u) = u**3 + 32*u**2 - 79*u - 78. Let a = 643 - 677. List the prime factors of o(a).
2, 37
Suppose 271 = 7*x - 23. Suppose x - 5462 = -10*w. What are the prime factors of w?
2, 271
Suppose -12*z + 19*z = -70. Let c(f) = 11*f**2 - 10*f - 179. List the prime factors of c(z).
1021
Suppose 0 = -3*j - 3*k, 0 = -3*k + 1 + 8. Let r be (934/6 + -1)/((-1)/j). Suppose 0*b - 5*i + r = 3*b, 4*b - i = 634. What are the prime factors of b?
2, 79
Let z(p) = -1420*p + 576. List the prime factors of z(-10).
2, 1847
Suppose 5*h - 5894 = -n, -5*h = 14*n - 17*n + 17762. What are the prime factors of n?
2, 2957
Suppose 0*y = 2*y, 2*u - 3*y = 6. Suppose -u*m + 4*d - 466 = -4560, 5*d + 4099 = 3*m. What are the prime factors of m?
2, 7, 97
Suppose -2*w - 1324 = -c, -91*w - 6581 = -5*c - 94*w. What are the prime factors of c?
2, 659
Let v be 1156/5 - 32/160. Let f = v + 121. What are the prime factors of f?
2, 11
Let k be 4*(3/(-2) - -1). Let p(t) = 2*t**3 - 38*t**2 + 52*t - 205. Let f be p(18). What are the prime factors of k*((-9)/(-6))/(-3)*f?
83
Let v(p) = -2*p - 738. Let t(y) = y - 246. Let i(z) = 11*t(z) - 4*v(z). List the prime factors of i(-8).
2, 47
Let r(i) = 126*i + 156. Let x be r(17). Suppose -1089*j = -1083*j - x. List the prime factors of j.
383
List the prime factors of (-18 - -18 - 4) + 22901.
7, 3271
Let d = 45542 - 29911. List the prime factors of d.
7, 11, 29
Let g(f) = 5*f**2 + 3*f + 21. Let c be (-57)/(-21) - (-5)/(35/2). Let z(j) = -2*j**2 + 3*j + 3. Let m be z(c). List the prime factors of g(m).
3, 61
Let t be (35/10 - -6)*2. Let c = t - -204. List the prime factors of c.
223
What are the prime factors of 57/(-76)*(58264/(-3))/2*3?
3, 7283
Suppose -142710 - 134620 = -13*w + 91220. What are the prime factors of w?
2, 3, 5, 7
Let b(q) = -144*q - 1. Let w(d) = -1729*d - 14. Let u(x) = 35*b(x) - 3*w(x). List the prime factors of u(2).
7, 43
Let g be (-3 + 514/6)/(1/3). Suppose o = -m + g, -3*o - 1013 = -2*m - 2*m. List the prime factors of m.
251
Let v = 12031 - 5509. List the prime factors of v.
2, 3, 1087
Let v be ((7/4)/1)/(2/8). Let f(l) = -l**3 + 9*l**2 - 10*l - 10. Let u be f(v). What are the prime factors of (9/6)/((u/(-136))/(-3))?
2, 17
List the prime factors of -19 + -13 - -28 - (0 + 0 + -1017).
1013
Suppose -4*s + a = -36151, 19*s = 9*s - 2*a + 90400. List the prime factors of s.
3, 23, 131
Suppose 5*q + 3*z = 27271, 14*q - 10*q = 3*z + 21833. List the prime factors of q.
2, 11, 31
Suppose 0 = 2*v + 3*v + 690. Let m(s) = -8*s**2 - 610*s + 85. Let c be m(-76). Let b = v + c. What are the prime factors of b?
3, 11
Suppose -65219 = -n - 5*q, 0 = 3*n + 3*q - 59460 - 136089. What are the prime factors of n?
2, 32587
Let s be (0 - -2 - -2) + 0. Suppose -s*b = 116 + 132. What are the prime factors of 8/2 - 0 - 3 - b?
3, 7
Let g be (500/(-15))/(-10)*18/10. List the prime factors of (4/g*9 - -329) + -1.
2, 167
Suppose -22*q + 8592 = 2*r - 19*q, -4*r + 2*q + 17216 = 0. What are the prime factors of r?
2, 3, 239
Let d = 16012 - 9256. List the prime factors of d.
2, 3, 563
What are the prime factors of (-1)/((5 - 7)*(-8)/(-68032))?
2, 1063
Suppose 5765 + 6499 = 12*c - 11*c. What are the prime factors of c?
2, 3, 7, 73
Suppose -133*h + 138*h + n - 312372 = 0, 5*h = 4*n + 312337. What are the prime factors of h?
62473
Let r(h) be the second derivative of 11*h**4/3 - 2*h**2 - 54*h - 1. What are the prime factors of r(2)?
2, 43
Suppose 442019 = -336*p + 12821901 + 3026054. List the prime factors of p.
13, 3527
Let q(r) = -r**3 - 18*r**2 - 42*r + 55. Let t = -547 - -527. What are the prime factors of q(t)?
3, 5, 113
Let v = 1533 - -3997. What are the prime factors of v?
2, 5, 7, 79
What are the prime factors of (-108)/(-1350) + (-3741894)/(-75)?
2, 12473
Let u = -393 - -721. Let i(f) = -28*f**3 - 3*f**2 + 26*f + 27. Let y be i(-1). Suppose -30*r + u = -y*r. What are the prime factors of r?
2, 41
Let d = 50856 + -25978. What are the prime factors of d?
2, 7, 1777
Let h = -678 - -677. List the prime factors of 2414/7 - h/(-21)*-3.
3, 5, 23
Let x = -1900 - -2351. List the prime factors of x.
11, 41
What are the prime factors of (24 + (-4551)/(-148))/(6/536)?
67, 73
Suppose 5*a + a = 882. Suppose a*b + 605 = 152*b. What are the prime factors of b?
11
Let a = 182 - -330. Let b = a + 124. What are the prime factors of b?
2, 3, 53
Suppose 3*k + 8770 = 3*i - 18596, -3*i + 27342 = 9*k. List the prime factors of i.
2, 3, 5, 19
Suppose -3 = -5*f - 2*v - 1, 5*f = -4*v - 6. Let b(d) = 39*d + 54 + 58 + 50 - 163. What are the prime factors of b(f)?
7, 11
List the prime factors of (-153)/6*(-582)/9.
17, 97
Let b(s) = 2*s**2 + 13*s - 1. Let x be b(-6). What are the prime factors of 537/(x/21*-3)?
3, 179
Let x be (-1 + -3493)*(2 + (-15)/6). Suppose 5*v - x = 803. Suppose -3*q = g - 4*g + 405, 4*g = -2*q + v. List the prime factors of g.
2, 5, 13
Let w(l) = 806*l + 123. List the prime factors of w(5).
4153
Let g = 78 - 62. Suppose -13*f - 561 = -g*f. What are the prime factors of f?
11, 17
Suppose 51*g - 76300 = -31*g + 62*g. What are the prime factors of g?
5, 7, 109
Let h be 150*(-5)/(75/(-6)). Suppose 30 + h = 5*j. List the prime factors of (-57)/9*j/(-2).
3, 19
Let w(v) = 36*v - 82. Let d be (-1)/(637/161 + -4). List the prime factors of w(d).
2, 373
Suppose -j = -3*j, -4*j + 20 = 4*k. Suppose 5*v = -k*v + 630. List the prime factors of (-2)/9 - (-3479)/v.
5, 11
Suppose 13*o + 2348514 = 5*o + 71*o. List the prime factors of o.
2, 3, 19, 109
Let w(o) = -5*o - 35. Let u be w(-12). Let n(s) = u*s + 12 - 27*s**2 - 5*s**2 + 63*s**2 - 11*s**2 + s**3. List the prime factors of n(-18).
2, 3, 5, 7
Suppose 4*j - 32 = -y - y, -12 = -y - j. Suppose -227 = -y*f + 61. Suppose c - 376 = -4*z, z - f = c + 58. List the prime factors of z.
2, 47
Let p(y) = 15*y**2 - 34*y + 1079. What are the prime factors of p(20)?
3, 79
Let q(c) = -9*c**3 - c**2 - 4*c - 2. Let s(o) = 19*o**3 + 3*o**2 + 8*o + 4. Let w(n) = 7*q(n) + 3*s(n). What are the prime factors of w(-4)?
2, 5, 43
Let y(n) = -n**2 - 4*n. Let f be y(-2). Suppose 0 = 15*g - f*g - 22. Suppose 0 = -u - 3*v - v + 60, 2*v = -g. List the prime factors of u.
2
Suppose -6*i + 88 = -50. Suppose 28*l - 10 = i*l. Suppose -305 = -5*v + l*p, -2*v + 5*p = -5*v + 183. What are the prime factors of v?
61
Let u(o) = -o**3 + 3*o + 306. Let s be u(0). Let f = s + -199. What are the prime factors of f?
107
Suppose 5025 = -8*i + 23*i. Suppose 8*l - 4647 = -i. List the prime factors of l.
7, 11
Let o(r) = -r - 23. Let a be o(-16). List the prime factors of -9 + 451 + a + (-1 - 1).
433
Let u(w) = w**3 + 56*w**2 - 137*w + 244. List the prime factors of u(-58).
2, 17, 43
Let v = 30 + -33. Let j(k) = -k**3 + 5*k - 3. Let u be j(v). What are the prime factors of 646/u + -3 + (-87)/(-27)?
2, 3
Suppose -49002 - 227328 = -30*p. What are the prime factors of p?
61, 151
Suppose -10 = -5*n + 360. Let d = -267 - -288. Suppose n = g - d. List the prime factors of g.
5, 19
Let f(a) = 11*a**2 - 6*a + 26. Let q be f(9). Let y = q - 486. What are the prime factors of y?
13, 29
Let w = 236 - 236. Suppose w = -z - 4*z + 750. List the prime factors of z.
2, 3, 5
Let i(g) = 4*g**3 + 2*g**2 - 2*g - 2. Let h be 88/(-308) - 1/(14/1592). Let v = -111 - h. What are the prime factors of i(v)?
2, 59
Let k = 58 + -50. Suppose 1733 = k*g + 157. Let b = g + -135. List the prime factors of b.
2, 31
Suppose -35 = 2*x - 49, -3*x - 20960 = -r. List the prime factors of r.
20981
Suppose 2*b - v = 17648, -2751*b + 2754*b - 2*v = 26471. List the prime facto